 Suppose 2*w = -5*m - w + 39, -a*m - w = -43. What is the units digit of m?
9
Let j = 9 + 10. Suppose 2*g + 5*y = g + 24, -5*y + 36 = 4*g. Suppose 0 = w + g*u - j, 4*u = -6*w + 3*w + 33. What is the units digit of w?
7
Let k = 86 + -49. Suppose 5*o = 48 + k. What is the units digit of o?
7
Suppose 31*u - 15 = 26*u. What is the units digit of u?
3
Suppose -j + 17 = -14. What is the units digit of j?
1
Let y(n) = -n + 13. Let r be y(9). Let o be 42/r*8/6. Suppose 5*q + 6 + 0 = 2*h, -2*h = -q - o. What is the units digit of h?
8
Suppose -3*q + 173 = -m - 4*m, 2*m - 222 = -4*q. What is the units digit of q?
6
Let i(w) = -4*w**3 - 2*w - 3. Let z be i(-2). Suppose 0 = -0*x - 3*x + z. What is the tens digit of x?
1
What is the units digit of (78 - 5) + (-2)/4*4?
1
Let w(h) = -2*h + 32. Let r(j) = -j + 11. Let m(g) = 8*r(g) - 3*w(g). What is the tens digit of m(-9)?
1
Let g(n) be the first derivative of n**3/3 - n**2/2 - 2*n - 1. What is the units digit of g(3)?
4
Suppose 0 = -3*q - s + 733, 0*s - 256 = -q + 2*s. What is the hundreds digit of q?
2
Let j(t) = t**3 + 8*t**2 + 6*t - 6. Let m = 14 - 8. Suppose 29 + m = -5*a. What is the units digit of j(a)?
1
What is the tens digit of (-7)/((-87)/21 - -4)?
4
What is the tens digit of ((-2)/(-6))/(3796/948 - 4)?
7
Let a be (2 + 2 - 0) + 0. Suppose -2*f + 5*k = -a*f + 113, 4*f + 3*k - 219 = 0. What is the tens digit of f?
5
Let d(y) = -y**3 - 2*y**2 + 3*y + 3. Let t be d(-2). Let v = t + 18. What is the units digit of v?
5
Suppose 0 = 3*a + 4 + 2. What is the units digit of a*(0 + -1)*1?
2
Let i(x) be the second derivative of -x**5/20 - x**4/6 - 2*x**3/3 - 2*x**2 + 5*x. What is the units digit of i(-3)?
7
Suppose 2*o + 3*p = 2*p + 85, -4*o = -4*p - 188. What is the units digit of o?
4
Let n be 1180/15 - (-6)/(-9). Let u = -54 + n. What is the units digit of u?
4
Let v = 26 - 12. What is the units digit of v?
4
Let b(k) = -3*k + 7. Let d = -13 + 8. Let u be b(d). What is the units digit of (-3 + 3 + u)/2?
1
What is the tens digit of 290/14 - 2/(-7)?
2
Let r be 0 - (3 - (2 - 35)). What is the tens digit of (-6)/5*1200/r?
4
What is the units digit of (-40 + -6)/((-4)/30*3)?
5
Suppose 5*z + 47 - 2 = 5*g, 0 = 5*g - z - 25. Suppose 0 = 2*p - g*p, 5*p = -5*t. Suppose t = -0*l + 2*l - 22. What is the units digit of l?
1
Suppose 0*x + 2*x + 18 = -5*c, -2 = 3*c - x. Let j = -1 - c. Let l = j + 1. What is the units digit of l?
2
Let k = -12 + 8. What is the units digit of 6/(-2) - (-16 - k)?
9
Suppose 0 = -4*w + 34 + 62. What is the units digit of w?
4
Suppose -3*u + 103 = -149. What is the tens digit of u?
8
Suppose 5*f = -5*j + 18 + 12, 0 = 4*j - 3*f - 10. Let g = j + 1. What is the units digit of g?
5
Suppose -2*u = -2*h + 10, -4*h - 4*u - 13 = -1. Let x be h/(4/(-5) + 1). Suppose 0 = -0*r - x*r + 40. What is the units digit of r?
8
Suppose 3*g + 2*t - 103 = 0, 0 = 4*t + t + 20. What is the units digit of g?
7
Let f = 4 - 15. Let m(p) = 8*p**3 + 41*p**2 - 5*p - 53. Let i(a) = 3*a**3 + 14*a**2 - 2*a - 18. Let w(j) = f*i(j) + 4*m(j). What is the units digit of w(10)?
6
Suppose 16*t = -t + 3434. What is the hundreds digit of t?
2
Suppose 3*c + 0 - 12 = 0. Let s(f) = -f**2 + 6*f - 5. Let d be s(c). What is the units digit of d/9 - (-14)/3?
5
Let b(r) = 2*r**2 + 9*r. Suppose 24 = -2*c - 2*c. Let z be b(c). Suppose -5*i + 0*m + z = m, 18 = i + 5*m. What is the units digit of i?
3
Let r = -16 + 38. What is the tens digit of r?
2
Let q(a) = a + 2. Let u(y) = -2*y - 5. Let s be u(-5). Let r = s + -5. What is the units digit of q(r)?
2
Let r = -5 - -5. Let s be (-13 + 3)/(r + -2). Suppose -s*x = -68 - 2. What is the tens digit of x?
1
Let x(j) = -7*j - 1. Suppose b - 4 = -2. Let o be (b + -3)*(-1 - -2). What is the units digit of x(o)?
6
Let o(z) = -2*z - 3. Let r be o(-4). Suppose -r*c + 34 = -21. What is the units digit of c?
1
Let b(r) = -r**2 - r + 2. Let x be b(-3). Let d(f) = -f + 5. What is the units digit of d(x)?
9
Let s = 0 - -8. Let a(m) = m**2 - 4*m - 3. What is the units digit of a(s)?
9
Let g be 5*5/((-5)/(-2)). What is the units digit of (-2)/((-4)/g) - 1?
4
Suppose j - 5 - 1 = 0. What is the units digit of j?
6
Let l be (20/(-6))/(-2)*-3. Let u = -5 - l. Suppose -2*y + u = 4, 0 = 5*c + 5*y. What is the units digit of c?
2
Suppose -v + 5 - 2 = 0. Suppose v*z + 91 = 5*t, 0*z + 75 = 3*t + 5*z. Suppose -2*i + 7*i = t. What is the units digit of i?
4
Let q be (0 - 0)/(-4 + 3). Suppose q = -6*t + 3*t + 3*k + 12, 8 = t - 3*k. Suppose t*r + 21 = 5*r. What is the units digit of r?
7
Suppose 0*u = u + 4. What is the units digit of 22/u*4/(-2)?
1
Let p = 5 + 1. Suppose 15 = w + p. What is the units digit of w?
9
What is the tens digit of -2 - 2*(-340)/8?
8
Let l(s) = -3*s - 1. Let c(f) = f + 2. Let o be c(0). Suppose p = o*i - 2, -5*i + 3 = p + 12. What is the units digit of l(i)?
2
Let h(m) = -m**2 - 8*m - 7. Let z be h(-6). Let q be 26/z - 5/25. Suppose 0 = -4*f + 33 - q. What is the units digit of f?
7
Let i = -43 - -64. Let g = -12 + i. What is the units digit of g?
9
Suppose -3*b + 2*y = -b - 30, 0 = 5*b + y - 105. What is the units digit of b?
0
Suppose -3*l + q + 311 = 0, 432 = 2*l + 2*l + 3*q. What is the units digit of l?
5
Suppose 17 - 9 = 2*y. What is the units digit of y?
4
Let l(c) = -c + 5. Let m be l(7). Let s be -1 - ((-18)/(-3) - m). What is the units digit of (0 - (-3)/s)*-3?
1
Suppose 4*p = 3*z - 23, -3*p - z - 11 = -2*z. Let k(i) = 5*i**2 + 3*i + 1. What is the units digit of k(p)?
5
Let y(q) = 24*q - 23. What is the units digit of y(10)?
7
Let w(x) = -x**3 + 7*x**2 + x + 2. Let b be w(7). Suppose -3*t = -0*t - b. Suppose -2*l - t*l + 35 = 0. What is the units digit of l?
7
What is the tens digit of (-12)/42 + -33*(-220)/28?
5
Suppose 0*x = -2*x - 12. Let b be (-915)/18 - (-1)/x. Let j = -36 - b. What is the units digit of j?
5
Let m(l) = 2*l - 9. Let b be m(6). Let k be 2/(-6) - (-13)/b. Let q = 6 - k. What is the units digit of q?
2
Let s(r) = -r**3 + r**2 + 40. Let k be (-1 + 0 + 1)/(-1). What is the tens digit of s(k)?
4
Let y be (42/35)/((-1)/(-15)). Let z = 19 - y. What is the units digit of z?
1
Let i be (132/10)/(6/20). Suppose -o + i = -5. Suppose -14 + o = 5*t. What is the units digit of t?
7
What is the units digit of 171*(-3)/((-18)/4)?
4
Suppose 2*t - 3*t = 2. What is the units digit of t + 2 + 3 + -1?
2
Suppose 19*a - 53 = 18*a. What is the units digit of a?
3
Suppose -3*u + 5*u + 22 = -r, 3*u - 15 = 0. Let l = r - -50. What is the tens digit of l?
1
Let l = -16 + 21. Suppose -49 = -l*y - 14. What is the units digit of y?
7
Suppose -158 + 62 = -4*h. What is the units digit of h?
4
Let w be (1*-8)/((-4)/6). Let f be (-2)/3 + 56/w. Suppose -f*n - 15 = -9*n. What is the units digit of n?
3
Let l = -19 - -12. Let t = 25 + l. Suppose -a - 2*p + t = 0, 0*a + 3*p - 23 = -a. What is the units digit of a?
8
What is the tens digit of (-10)/(-30)*(50 + 1)?
1
Let o(c) = c. Let y be 3*(1 + 8/(-3)). Let k be y/(-2)*(-8)/(-5). What is the units digit of o(k)?
4
Suppose 0 = b - 2*b. Suppose -n - 2*n + 18 = b. Suppose 4*l = n - 2. What is the units digit of l?
1
What is the units digit of ((-40)/16)/((-1)/10)?
5
Suppose 0 = 3*h - w - 8 - 62, 2*w = 2*h - 48. Let n(u) = u**2 - 9*u - 4. Let x be n(8). Let o = h + x. What is the tens digit of o?
1
Let r(t) = t - 4. Let c be r(4). Suppose f + 0*f - 5*k = 0, f - 2*k - 6 = c. What is the units digit of f?
0
Let r(t) = t**3 + 9*t**2 - 10*t + 5. Let p = -25 + 15. What is the units digit of r(p)?
5
Let m = -158 + 319. What is the units digit of m?
1
Let i = -43 + 63. Let z = 29 - i. Suppose -h + z = -0*h. What is the units digit of h?
9
Let z(m) = -4*m**2 + m - 1. Let j be z(1). Let o be -2 - (-4)/(j/5). Let l = -3 - o. What is the units digit of l?
4
Let s be (-16 + 1)*(-2)/6. Let j be (-2)/s + (-51)/(-15). Let m = 11 - j. What is the units digit of m?
8
Suppose 14 = j - 72. What is the units digit of j?
6
What is the tens digit of (-5)/30 - (-5162)/12?
3
Let m be (-14)/49 - 74/(-14). Suppose -m*q - 3*y + 152 = 0, -2*q + y + 40 = -3*y. What is the tens digit of (-8)/q - (-86)/7?
1
Let d = -35 + 22. Let i = d + 23. What is the units digit of i?
0
Suppose 5*q - 4*q - 5 = 0, -2*q = 2*w - 2. Let x be 6/(-9) + w/(-6). Suppose x = -2*u + 2 + 4. What is the units 